{"id":68,"date":"2024-07-05T19:37:32","date_gmt":"2024-07-05T17:37:32","guid":{"rendered":"https:\/\/salon-campingcar-rochefort.fr\/?page_id=68"},"modified":"2025-04-09T17:33:23","modified_gmt":"2025-04-09T15:33:23","slug":"accueil-salon-camping-car-rochefort-5-au-8-septembre","status":"publish","type":"page","link":"https:\/\/salon-campingcar-rochefort.fr\/","title":{"rendered":"Accueil"},"content":{"rendered":"<div class=\"wpb-content-wrapper\"><p>[vc_row css=\u00a0\u00bb.vc_custom_1704972753066{margin-top: 0px !important;padding-top: 0px !important;}\u00a0\u00bb][vc_column css=\u00a0\u00bb.vc_custom_1704982012939{margin-top: 0px !important;margin-bottom: 0px !important;padding-top: 10px !important;padding-bottom: 0px !important;}\u00a0\u00bb][vc_row_inner css=\u00a0\u00bb.vc_custom_1533019627673{margin-top: 0px !important;margin-bottom: 40px !important;padding-top: 0px !important;padding-bottom: 0px !important;}\u00a0\u00bb][vc_column_inner el_class=\u00a0\u00bbtitle-section2&Prime; width=\u00a0\u00bb1\/3&Prime; css=\u00a0\u00bb.vc_custom_1533019636971{margin-top: 0px !important;padding-top: 0px !important;}\u00a0\u00bb][vc_single_image image=\u00a0\u00bb417&Prime; img_size=\u00a0\u00bbfull\u00a0\u00bb css=\u00a0\u00bb.vc_custom_1738058859487{padding-top: 0px !important;padding-bottom: 0px !important;}\u00a0\u00bb][vc_custom_heading text=\u00a0\u00bb3\u00e8me \u00e9dition du Salon du camping-car de Rochefort\u00a0\u00bb font_container=\u00a0\u00bbtag:h2|font_size:20px|text_align:left|color:%23253467&Prime; google_fonts=\u00a0\u00bbfont_family:Roboto%3A100%2C100italic%2C300%2C300italic%2Cregular%2Citalic%2C500%2C500italic%2C700%2C700italic%2C900%2C900italic|font_style:500%20bold%20regular%3A500%3Anormal\u00a0\u00bb css=\u00a0\u00bb.vc_custom_1738058889125{margin-top: 0px !important;padding-top: 0px !important;padding-bottom: 0px !important;}\u00a0\u00bb][vc_column_text css=\u00a0\u00bb\u00a0\u00bb]<\/p>\n<p style=\"text-align: left;\"><strong>Du 17 au 21 avril au rond point de l&rsquo;avion \u00e0 Rochefort, boulevard\u00a0<\/strong><b>Pouzet<\/b>, venez d\u00e9couvrir le plus grand choix de la r\u00e9gion avec <strong>300 camping-cars, vans, fourgons et caravanes<\/strong> : les nouveaut\u00e9s du printemps, les fins de s\u00e9rie et occasions \u00e0 <strong>conditions pr\u00e9f\u00e9rentielles<\/strong>.<\/p>\n<ul>\n<li><strong>Tous les concessionnaires<\/strong> de Charente-Maritime<\/li>\n<li><em><strong>OUVERT DIMANCHE ET LUNDI DE P\u00c2QUES !<\/strong><\/em><\/li>\n<li>Camping-cars, vans, fourgons, caravanes <strong>neufs et d&rsquo;occasion.<\/strong><\/li>\n<li><strong>25 marque<\/strong>s europ\u00e9ennes repr\u00e9sent\u00e9es.<\/li>\n<li><strong>Financement<\/strong> sur place \u00ab\u00a0sp\u00e9cial salon\u00a0\u00bb.<\/li>\n<li><em><strong>OUVERT DIMANCHE ET LUNDI DE P\u00c2QUES !<\/strong><\/em><\/li>\n<\/ul>\n<p>[\/vc_column_text][\/vc_column_inner][vc_column_inner el_class=\u00a0\u00bbtitle-section2&Prime; width=\u00a0\u00bb1\/3&Prime; css=\u00a0\u00bb.vc_custom_1533019642545{margin-top: 0px !important;padding-top: 0px !important;}\u00a0\u00bb][vc_single_image image=\u00a0\u00bb421&Prime; img_size=\u00a0\u00bbfull\u00a0\u00bb css=\u00a0\u00bb.vc_custom_1738059012296{padding-top: 0px !important;padding-bottom: 0px !important;}\u00a0\u00bb][vc_custom_heading text=\u00a0\u00bbOffres sp\u00e9ciales sur les camping-cars, vans, fourgons et caravanes d&rsquo;occasion\u00a0\u00bb font_container=\u00a0\u00bbtag:h2|font_size:20px|text_align:left|color:%23253467&Prime; google_fonts=\u00a0\u00bbfont_family:Roboto%3A100%2C100italic%2C300%2C300italic%2Cregular%2Citalic%2C500%2C500italic%2C700%2C700italic%2C900%2C900italic|font_style:500%20bold%20regular%3A500%3Anormal\u00a0\u00bb css=\u00a0\u00bb.vc_custom_1738059106537{margin-top: 0px !important;padding-top: 0px !important;padding-bottom: 0px !important;}\u00a0\u00bb][vc_column_text css=\u00a0\u00bb\u00a0\u00bb]<\/p>\n<ul>\n<li><strong>Mod\u00e8les d\u2019occasions r\u00e9vis\u00e9s et garantis par des professionnels.<\/strong><\/li>\n<li>Lits centraux, lits jumeaux, lits pavillon, \u00e0 la fran\u00e7aise&#8230;<\/li>\n<li>Grand <strong>choix d&rsquo;implantations<\/strong> pour des voyages en couple ou en famille.<\/li>\n<li>Toutes les <strong>motorisations<\/strong> sur Fiat, Ford, Mercedes, Peugeot, Citro\u00ebn&#8230;<\/li>\n<li><strong>Grande gamme de prix<\/strong> sur les int\u00e9graux, profil\u00e9s, capucines et vans.<\/li>\n<\/ul>\n<p>[\/vc_column_text][\/vc_column_inner][vc_column_inner el_class=\u00a0\u00bbtitle-section2&Prime; width=\u00a0\u00bb1\/3&Prime; css=\u00a0\u00bb.vc_custom_1533019647552{margin-top: 0px !important;padding-top: 0px !important;}\u00a0\u00bb][vc_single_image image=\u00a0\u00bb425&Prime; img_size=\u00a0\u00bbfull\u00a0\u00bb css=\u00a0\u00bb.vc_custom_1738059174187{padding-top: 0px !important;padding-bottom: 0px !important;}\u00a0\u00bb][vc_custom_heading text=\u00a0\u00bbGrand jeu sur le Salon : un week-end en Van \u00e0 gagner chaque jour\u00a0\u00bb font_container=\u00a0\u00bbtag:h2|font_size:20px|text_align:left|color:%23253467&Prime; google_fonts=\u00a0\u00bbfont_family:Roboto%3A100%2C100italic%2C300%2C300italic%2Cregular%2Citalic%2C500%2C500italic%2C700%2C700italic%2C900%2C900italic|font_style:500%20bold%20regular%3A500%3Anormal\u00a0\u00bb css=\u00a0\u00bb.vc_custom_1720705156236{margin-top: 0px !important;padding-top: 0px !important;padding-bottom: 0px !important;}\u00a0\u00bb][vc_column_text css=\u00a0\u00bb\u00a0\u00bb]<\/p>\n<ul>\n<li><strong>Chaque jour, gagnez un week-end en van !<\/strong><\/li>\n<li>D\u00e9couvrez les conditions du jeu sur le salon du camping-car de Rochefort.<\/li>\n<li>4 food trucks pour vous restaurer et vous r\u00e9galer.<\/li>\n<li>Parking jour gratuit.<\/li>\n<li>Nos amis les chiens sont les bienvenus.<\/li>\n<\/ul>\n<p>[\/vc_column_text][vc_video link=\u00a0\u00bbhttps:\/\/youtu.be\/_GyoewdgRrQ\u00a0\u00bb el_width=\u00a0\u00bb90&Prime; align=\u00a0\u00bbcenter\u00a0\u00bb css=\u00a0\u00bb\u00a0\u00bb][\/vc_column_inner][\/vc_row_inner][\/vc_column][\/vc_row][vc_row gap=\u00a0\u00bb20&Prime; el_class=\u00a0\u00bbcontact\u00a0\u00bb css=\u00a0\u00bb.vc_custom_1688391629937{padding-top: 20px !important;background-color: #ffffff !important;}\u00a0\u00bb][vc_column width=\u00a0\u00bb1\/3&Prime; css=\u00a0\u00bb.vc_custom_1688391717311{margin-top: 0px !important;margin-right: 0px !important;margin-left: 0px !important;border-top-width: 1px !important;border-right-width: 1px !important;border-bottom-width: 1px !important;border-left-width: 1px !important;padding-top: 0px !important;padding-right: 10px !important;padding-left: 10px !important;border-left-color: #e5e5e5 !important;border-left-style: none !important;border-right-color: #e5e5e5 !important;border-right-style: none !important;border-top-color: #e5e5e5 !important;border-top-style: none !important;border-bottom-color: #e5e5e5 !important;border-bottom-style: none !important;}\u00a0\u00bb][vc_icon icon_fontawesome=\u00a0\u00bbfas fa-plane\u00a0\u00bb color=\u00a0\u00bbcustom\u00a0\u00bb background_style=\u00a0\u00bbrounded\u00a0\u00bb background_color=\u00a0\u00bbcustom\u00a0\u00bb align=\u00a0\u00bbcenter\u00a0\u00bb css_animation=\u00a0\u00bbbounceInLeft\u00a0\u00bb css=\u00a0\u00bb.vc_custom_1720712235346{margin-top: 0px !important;padding-top: 20px !important;}\u00a0\u00bb custom_background_color=\u00a0\u00bb#253467&Prime; custom_color=\u00a0\u00bb#ffffff\u00a0\u00bb link=\u00a0\u00bburl:https%3A%2F%2Fsalon-campingcar-rochefort.fr%2Findex.php%2Fplan-dacces-contact%2F|title:Plan%20d%E2%80%99acc%C3%A8s%20%26%20contact\u00a0\u00bb][vc_column_text css=\u00a0\u00bb.vc_custom_1720712274350{padding-bottom: 20px !important;}\u00a0\u00bb]<\/p>\n<p style=\"text-align: center;\"><a href=\"https:\/\/salon-campingcar-rochefort.fr\/index.php\/plan-dacces-contact\/\"><strong>\u00a0Rond point de l&rsquo;Avion<\/strong><\/a><br \/>\n170 Bd Edouard Pouzet &#8211; 17300 Rochefort[\/vc_column_text][\/vc_column][vc_column width=\u00a0\u00bb1\/3&Prime; css=\u00a0\u00bb.vc_custom_1688391726617{margin-top: 0px !important;margin-right: 0px !important;margin-left: 0px !important;border-top-width: 1px !important;border-right-width: 1px !important;border-bottom-width: 1px !important;border-left-width: 1px !important;padding-top: 0px !important;border-left-color: #e5e5e5 !important;border-left-style: none !important;border-right-color: #e5e5e5 !important;border-right-style: none !important;border-top-color: #e5e5e5 !important;border-top-style: none !important;border-bottom-color: #e5e5e5 !important;border-bottom-style: none !important;}\u00a0\u00bb][vc_icon icon_fontawesome=\u00a0\u00bbfas fa-shuttle-van\u00a0\u00bb color=\u00a0\u00bbcustom\u00a0\u00bb background_style=\u00a0\u00bbrounded\u00a0\u00bb background_color=\u00a0\u00bbcustom\u00a0\u00bb align=\u00a0\u00bbcenter\u00a0\u00bb css_animation=\u00a0\u00bbbounceInDown\u00a0\u00bb css=\u00a0\u00bb.vc_custom_1720704724090{margin-top: 0px !important;padding-top: 20px !important;}\u00a0\u00bb custom_color=\u00a0\u00bb#ffffff\u00a0\u00bb custom_background_color=\u00a0\u00bb#253467&Prime;][vc_column_text css=\u00a0\u00bb.vc_custom_1720704852742{padding-bottom: 20px !important;}\u00a0\u00bb]<\/p>\n<p style=\"text-align: center;\"><strong>300 camping-cars<\/strong><br \/>\nPlus de 25 marques neufs et occasions[\/vc_column_text][\/vc_column][vc_column width=\u00a0\u00bb1\/3&Prime; css=\u00a0\u00bb.vc_custom_1688391737056{margin-top: 0px !important;margin-right: 5px !important;margin-left: 5px !important;border-top-width: 1px !important;border-right-width: 1px !important;border-bottom-width: 1px !important;border-left-width: 1px !important;padding-top: 0px !important;border-left-color: #e5e5e5 !important;border-left-style: none !important;border-right-color: #e5e5e5 !important;border-right-style: none !important;border-top-color: #e5e5e5 !important;border-top-style: none !important;border-bottom-color: #e5e5e5 !important;border-bottom-style: none !important;}\u00a0\u00bb][vc_icon icon_fontawesome=\u00a0\u00bbfas fa-euro-sign\u00a0\u00bb color=\u00a0\u00bbcustom\u00a0\u00bb background_style=\u00a0\u00bbrounded\u00a0\u00bb background_color=\u00a0\u00bbcustom\u00a0\u00bb align=\u00a0\u00bbcenter\u00a0\u00bb css_animation=\u00a0\u00bbbounceInRight\u00a0\u00bb css=\u00a0\u00bb.vc_custom_1720712405801{margin-top: 0px !important;padding-top: 20px !important;}\u00a0\u00bb custom_color=\u00a0\u00bb#ffffff\u00a0\u00bb custom_background_color=\u00a0\u00bb#253467&Prime; link=\u00a0\u00bburl:https%3A%2F%2Fsalon-campingcar-rochefort.fr%2Findex.php%2Finvitation%2F|title:Invitation\u00a0\u00bb][vc_column_text css=\u00a0\u00bb.vc_custom_1720712425405{padding-bottom: 20px !important;}\u00a0\u00bb]<\/p>\n<p style=\"text-align: center;\">Entr\u00e9e 3 \u20ac<br \/>\n<a href=\"https:\/\/salon-campingcar-rochefort.fr\/index.php\/invitation\/\"><strong>Gratuite sur pr\u00e9sentation de l\u2019invitation<\/strong><\/a>[\/vc_column_text][\/vc_column][\/vc_row]<\/p>\n<\/div>","protected":false},"excerpt":{"rendered":"<p>[vc_row css=\u00a0\u00bb.vc_custom_1704972753066{margin-top: 0px !important;padding-top: 0px !important;}\u00a0\u00bb][vc_column css=\u00a0\u00bb.vc_custom_1704982012939{margin-top: 0px !important;margin-bottom: 0px !important;padding-top: 10px !important;padding-bottom: 0px !important;}\u00a0\u00bb][vc_row_inner css=\u00a0\u00bb.vc_custom_1533019627673{margin-top: 0px !important;margin-bottom: 40px !important;padding-top: 0px !important;padding-bottom: 0px !important;}\u00a0\u00bb][vc_column_inner el_class=\u00a0\u00bbtitle-section2&Prime; width=\u00a0\u00bb1\/3&Prime; css=\u00a0\u00bb.vc_custom_1533019636971{margin-top: 0px !important;padding-top: 0px !important;}\u00a0\u00bb][vc_single_image image=\u00a0\u00bb417&Prime; img_size=\u00a0\u00bbfull\u00a0\u00bb css=\u00a0\u00bb.vc_custom_1738058859487{padding-top: 0px !important;padding-bottom: 0px !important;}\u00a0\u00bb][vc_custom_heading text=\u00a0\u00bb3\u00e8me \u00e9dition du Salon du camping-car de Rochefort\u00a0\u00bb font_container=\u00a0\u00bbtag:h2|font_size:20px|text_align:left|color:%23253467&Prime; google_fonts=\u00a0\u00bbfont_family:Roboto%3A100%2C100italic%2C300%2C300italic%2Cregular%2Citalic%2C500%2C500italic%2C700%2C700italic%2C900%2C900italic|font_style:500%20bold%20regular%3A500%3Anormal\u00a0\u00bb css=\u00a0\u00bb.vc_custom_1738058889125{margin-top: 0px !important;padding-top: 0px !important;padding-bottom: 0px !important;}\u00a0\u00bb][vc_column_text css=\u00a0\u00bb\u00a0\u00bb] Du 17 au 21 avril au [&hellip;]<\/p>\n","protected":false},"author":1,"featured_media":0,"parent":0,"menu_order":0,"comment_status":"closed","ping_status":"closed","template":"","meta":{"footnotes":""},"class_list":["post-68","page","type-page","status-publish","hentry"],"yoast_head":"<!-- This site is optimized with the Yoast SEO plugin v24.8.1 - https:\/\/yoast.com\/wordpress\/plugins\/seo\/ -->\n<title>ACCUEIL | SALON CAMPING-CAR ROCHEFORT<\/title>\n<meta name=\"description\" content=\"Le Salon du Camping-car de Rochefort aura lieu du 17 au 21 avril 2025 au Rond point de l&#039;Avion \u00e0 Rochefort. 300 v\u00e9hicules seront pr\u00e9sent\u00e9s.\" \/>\n<meta name=\"robots\" content=\"index, follow, max-snippet:-1, max-image-preview:large, max-video-preview:-1\" \/>\n<link rel=\"canonical\" href=\"https:\/\/salon-campingcar-rochefort.fr\/\" \/>\n<meta property=\"og:locale\" content=\"fr_FR\" \/>\n<meta property=\"og:type\" content=\"article\" \/>\n<meta property=\"og:title\" content=\"ACCUEIL | SALON CAMPING-CAR ROCHEFORT\" \/>\n<meta property=\"og:description\" content=\"Le Salon du Camping-car de Rochefort aura lieu du 17 au 21 avril 2025 au Rond point de l&#039;Avion \u00e0 Rochefort. 300 v\u00e9hicules seront pr\u00e9sent\u00e9s.\" \/>\n<meta property=\"og:url\" content=\"https:\/\/salon-campingcar-rochefort.fr\/\" \/>\n<meta property=\"og:site_name\" content=\"Salon du camping-car de Rochefort\" \/>\n<meta property=\"article:publisher\" content=\"https:\/\/www.facebook.com\/profile.php?id=61561766056102\" \/>\n<meta property=\"article:modified_time\" content=\"2025-04-09T15:33:23+00:00\" \/>\n<meta name=\"twitter:card\" content=\"summary_large_image\" \/>\n<meta name=\"twitter:label1\" content=\"Dur\u00e9e de lecture estim\u00e9e\" \/>\n\t<meta name=\"twitter:data1\" content=\"4 minutes\" \/>\n<script type=\"application\/ld+json\" class=\"yoast-schema-graph\">{\"@context\":\"https:\/\/schema.org\",\"@graph\":[{\"@type\":\"WebPage\",\"@id\":\"https:\/\/salon-campingcar-rochefort.fr\/\",\"url\":\"https:\/\/salon-campingcar-rochefort.fr\/\",\"name\":\"ACCUEIL | SALON CAMPING-CAR ROCHEFORT\",\"isPartOf\":{\"@id\":\"https:\/\/salon-campingcar-rochefort.fr\/#website\"},\"datePublished\":\"2024-07-05T17:37:32+00:00\",\"dateModified\":\"2025-04-09T15:33:23+00:00\",\"description\":\"Le Salon du Camping-car de Rochefort aura lieu du 17 au 21 avril 2025 au Rond point de l'Avion \u00e0 Rochefort. 300 v\u00e9hicules seront pr\u00e9sent\u00e9s.\",\"breadcrumb\":{\"@id\":\"https:\/\/salon-campingcar-rochefort.fr\/#breadcrumb\"},\"inLanguage\":\"fr-FR\",\"potentialAction\":[{\"@type\":\"ReadAction\",\"target\":[\"https:\/\/salon-campingcar-rochefort.fr\/\"]}]},{\"@type\":\"BreadcrumbList\",\"@id\":\"https:\/\/salon-campingcar-rochefort.fr\/#breadcrumb\",\"itemListElement\":[{\"@type\":\"ListItem\",\"position\":1,\"name\":\"Accueil\",\"item\":\"https:\/\/salon-campingcar-rochefort.fr\/\"},{\"@type\":\"ListItem\",\"position\":2,\"name\":\"Accueil\"}]},{\"@type\":\"WebSite\",\"@id\":\"https:\/\/salon-campingcar-rochefort.fr\/#website\",\"url\":\"https:\/\/salon-campingcar-rochefort.fr\/\",\"name\":\"Salon du camping-car de Rochefort\",\"description\":\"Le plus grand salon du camping-car et du van de Charente Maritime\",\"publisher\":{\"@id\":\"https:\/\/salon-campingcar-rochefort.fr\/#organization\"},\"potentialAction\":[{\"@type\":\"SearchAction\",\"target\":{\"@type\":\"EntryPoint\",\"urlTemplate\":\"https:\/\/salon-campingcar-rochefort.fr\/?s={search_term_string}\"},\"query-input\":{\"@type\":\"PropertyValueSpecification\",\"valueRequired\":true,\"valueName\":\"search_term_string\"}}],\"inLanguage\":\"fr-FR\"},{\"@type\":\"Organization\",\"@id\":\"https:\/\/salon-campingcar-rochefort.fr\/#organization\",\"name\":\"Salon du camping-car de Rochefort\",\"url\":\"https:\/\/salon-campingcar-rochefort.fr\/\",\"logo\":{\"@type\":\"ImageObject\",\"inLanguage\":\"fr-FR\",\"@id\":\"https:\/\/salon-campingcar-rochefort.fr\/#\/schema\/logo\/image\/\",\"url\":\"https:\/\/salon-campingcar-rochefort.fr\/wp-content\/uploads\/2024\/07\/logo-expo-CC-rochefort6.png\",\"contentUrl\":\"https:\/\/salon-campingcar-rochefort.fr\/wp-content\/uploads\/2024\/07\/logo-expo-CC-rochefort6.png\",\"width\":502,\"height\":289,\"caption\":\"Salon du camping-car de Rochefort\"},\"image\":{\"@id\":\"https:\/\/salon-campingcar-rochefort.fr\/#\/schema\/logo\/image\/\"},\"sameAs\":[\"https:\/\/www.facebook.com\/profile.php?id=61561766056102\",\"https:\/\/www.instagram.com\/salon_vdl_rochefort\"]}]}<\/script>\n<!-- \/ Yoast SEO plugin. -->","yoast_head_json":{"title":"ACCUEIL | SALON CAMPING-CAR ROCHEFORT","description":"Le Salon du Camping-car de Rochefort aura lieu du 17 au 21 avril 2025 au Rond point de l'Avion \u00e0 Rochefort. 300 v\u00e9hicules seront pr\u00e9sent\u00e9s.","robots":{"index":"index","follow":"follow","max-snippet":"max-snippet:-1","max-image-preview":"max-image-preview:large","max-video-preview":"max-video-preview:-1"},"canonical":"https:\/\/salon-campingcar-rochefort.fr\/","og_locale":"fr_FR","og_type":"article","og_title":"ACCUEIL | SALON CAMPING-CAR ROCHEFORT","og_description":"Le Salon du Camping-car de Rochefort aura lieu du 17 au 21 avril 2025 au Rond point de l'Avion \u00e0 Rochefort. 300 v\u00e9hicules seront pr\u00e9sent\u00e9s.","og_url":"https:\/\/salon-campingcar-rochefort.fr\/","og_site_name":"Salon du camping-car de Rochefort","article_publisher":"https:\/\/www.facebook.com\/profile.php?id=61561766056102","article_modified_time":"2025-04-09T15:33:23+00:00","twitter_card":"summary_large_image","twitter_misc":{"Dur\u00e9e de lecture estim\u00e9e":"4 minutes"},"schema":{"@context":"https:\/\/schema.org","@graph":[{"@type":"WebPage","@id":"https:\/\/salon-campingcar-rochefort.fr\/","url":"https:\/\/salon-campingcar-rochefort.fr\/","name":"ACCUEIL | SALON CAMPING-CAR ROCHEFORT","isPartOf":{"@id":"https:\/\/salon-campingcar-rochefort.fr\/#website"},"datePublished":"2024-07-05T17:37:32+00:00","dateModified":"2025-04-09T15:33:23+00:00","description":"Le Salon du Camping-car de Rochefort aura lieu du 17 au 21 avril 2025 au Rond point de l'Avion \u00e0 Rochefort. 300 v\u00e9hicules seront pr\u00e9sent\u00e9s.","breadcrumb":{"@id":"https:\/\/salon-campingcar-rochefort.fr\/#breadcrumb"},"inLanguage":"fr-FR","potentialAction":[{"@type":"ReadAction","target":["https:\/\/salon-campingcar-rochefort.fr\/"]}]},{"@type":"BreadcrumbList","@id":"https:\/\/salon-campingcar-rochefort.fr\/#breadcrumb","itemListElement":[{"@type":"ListItem","position":1,"name":"Accueil","item":"https:\/\/salon-campingcar-rochefort.fr\/"},{"@type":"ListItem","position":2,"name":"Accueil"}]},{"@type":"WebSite","@id":"https:\/\/salon-campingcar-rochefort.fr\/#website","url":"https:\/\/salon-campingcar-rochefort.fr\/","name":"Salon du camping-car de Rochefort","description":"Le plus grand salon du camping-car et du van de Charente Maritime","publisher":{"@id":"https:\/\/salon-campingcar-rochefort.fr\/#organization"},"potentialAction":[{"@type":"SearchAction","target":{"@type":"EntryPoint","urlTemplate":"https:\/\/salon-campingcar-rochefort.fr\/?s={search_term_string}"},"query-input":{"@type":"PropertyValueSpecification","valueRequired":true,"valueName":"search_term_string"}}],"inLanguage":"fr-FR"},{"@type":"Organization","@id":"https:\/\/salon-campingcar-rochefort.fr\/#organization","name":"Salon du camping-car de Rochefort","url":"https:\/\/salon-campingcar-rochefort.fr\/","logo":{"@type":"ImageObject","inLanguage":"fr-FR","@id":"https:\/\/salon-campingcar-rochefort.fr\/#\/schema\/logo\/image\/","url":"https:\/\/salon-campingcar-rochefort.fr\/wp-content\/uploads\/2024\/07\/logo-expo-CC-rochefort6.png","contentUrl":"https:\/\/salon-campingcar-rochefort.fr\/wp-content\/uploads\/2024\/07\/logo-expo-CC-rochefort6.png","width":502,"height":289,"caption":"Salon du camping-car de Rochefort"},"image":{"@id":"https:\/\/salon-campingcar-rochefort.fr\/#\/schema\/logo\/image\/"},"sameAs":["https:\/\/www.facebook.com\/profile.php?id=61561766056102","https:\/\/www.instagram.com\/salon_vdl_rochefort"]}]}},"_links":{"self":[{"href":"https:\/\/salon-campingcar-rochefort.fr\/index.php\/wp-json\/wp\/v2\/pages\/68","targetHints":{"allow":["GET"]}}],"collection":[{"href":"https:\/\/salon-campingcar-rochefort.fr\/index.php\/wp-json\/wp\/v2\/pages"}],"about":[{"href":"https:\/\/salon-campingcar-rochefort.fr\/index.php\/wp-json\/wp\/v2\/types\/page"}],"author":[{"embeddable":true,"href":"https:\/\/salon-campingcar-rochefort.fr\/index.php\/wp-json\/wp\/v2\/users\/1"}],"replies":[{"embeddable":true,"href":"https:\/\/salon-campingcar-rochefort.fr\/index.php\/wp-json\/wp\/v2\/comments?post=68"}],"version-history":[{"count":57,"href":"https:\/\/salon-campingcar-rochefort.fr\/index.php\/wp-json\/wp\/v2\/pages\/68\/revisions"}],"predecessor-version":[{"id":439,"href":"https:\/\/salon-campingcar-rochefort.fr\/index.php\/wp-json\/wp\/v2\/pages\/68\/revisions\/439"}],"wp:attachment":[{"href":"https:\/\/salon-campingcar-rochefort.fr\/index.php\/wp-json\/wp\/v2\/media?parent=68"}],"curies":[{"name":"wp","href":"https:\/\/api.w.org\/{rel}","templated":true}]}}